{"id":3486,"date":"2026-03-18T11:46:16","date_gmt":"2026-03-18T11:46:16","guid":{"rendered":"https:\/\/www.astrowow.com\/blog\/?page_id=3486"},"modified":"2026-03-18T11:46:16","modified_gmt":"2026-03-18T11:46:16","slug":"all-articles","status":"publish","type":"page","link":"https:\/\/www.astrowow.com\/blog\/all-articles\/","title":{"rendered":"All Articles"},"content":{"rendered":"<div class=\"pt-cv-wrapper et_smooth_scroll_disabled\"><div class=\"pt-cv-view pt-cv-blockgrid iscvblock iscvhybrid list1 layout1\" id=\"pt-cv-view-bfb49195nv\"><div data-id=\"pt-cv-page-1\" class=\"pt-cv-page\" data-cvc=\"1\"><div class=\" pt-cv-content-item pt-cv-2-col\" ><h4 class=\"pt-cv-title\"><a href=\"https:\/\/www.astrowow.com\/blog\/dk\/rusland-og-dets-krige\/\" class=\"_self\" target=\"_self\" >Rusland og dets krige<\/a><\/h4>\n<div class=\"pt-cv-content\">Russia's military history through its horoscope \u2014 why it wins wars but loses battles, and what the chart reveals about the Ukraine invasion ...<br \/><div class=\"pt-cv-rmwrap\"><a href=\"https:\/\/www.astrowow.com\/blog\/dk\/rusland-og-dets-krige\/\" class=\"_self pt-cv-readmore btn btn-success\" target=\"_self\">Read More<\/a><\/div><\/div><\/div>\n<div class=\" pt-cv-content-item pt-cv-2-col\" ><h4 class=\"pt-cv-title\"><a href=\"https:\/\/www.astrowow.com\/blog\/pt-br\/a-russia-e-suas-guerras\/\" class=\"_self\" target=\"_self\" >A R\u00fassia e suas guerras<\/a><\/h4>\n<div class=\"pt-cv-content\">Russia's military history through its horoscope \u2014 why it wins wars but loses battles, and what the chart reveals about the Ukraine invasion ...<br \/><div class=\"pt-cv-rmwrap\"><a href=\"https:\/\/www.astrowow.com\/blog\/pt-br\/a-russia-e-suas-guerras\/\" class=\"_self pt-cv-readmore btn btn-success\" target=\"_self\">Read More<\/a><\/div><\/div><\/div>\n<div class=\" pt-cv-content-item pt-cv-2-col\" ><h4 class=\"pt-cv-title\"><a href=\"https:\/\/www.astrowow.com\/blog\/sv\/ryssland-och-dess-krig\/\" class=\"_self\" target=\"_self\" >Ryssland och dess krig<\/a><\/h4>\n<div class=\"pt-cv-content\">En astrologisk genomg\u00e5ng av Rysslands krigf\u00f6ring \u2013 fr\u00e5n Operation Barbarossa och Vinterkriget till invasionen av Ukraina 2022 \u2013 och vad planetariska cykler f\u00f6rutsp\u00e5r f\u00f6r Rysslands politiska och ekonomiska framtid ...<br \/><div class=\"pt-cv-rmwrap\"><a href=\"https:\/\/www.astrowow.com\/blog\/sv\/ryssland-och-dess-krig\/\" class=\"_self pt-cv-readmore btn btn-success\" target=\"_self\">Read More<\/a><\/div><\/div><\/div>\n<div class=\" pt-cv-content-item pt-cv-2-col\" ><h4 class=\"pt-cv-title\"><a href=\"https:\/\/www.astrowow.com\/blog\/sv\/grundlaggande-principer-for-mundan-astrologi-med-usas-horoskop\/\" class=\"_self\" target=\"_self\" >Grundl\u00e4ggande principer f\u00f6r mundan astrologi \u2013 med USA:s horoskop<\/a><\/h4>\n<div class=\"pt-cv-content\">En genomg\u00e5ng av grundl\u00e4ggande principer f\u00f6r mundan astrologi \u2013 planeternas roller, aspekter, cykler och progressioner \u2013 illustrerat med USA:s Sibley-horoskop och historiska h\u00e4ndelser fr\u00e5n inb\u00f6rdeskriget till Pluto-returen 2022 ...<br \/><div class=\"pt-cv-rmwrap\"><a href=\"https:\/\/www.astrowow.com\/blog\/sv\/grundlaggande-principer-for-mundan-astrologi-med-usas-horoskop\/\" class=\"_self pt-cv-readmore btn btn-success\" target=\"_self\">Read More<\/a><\/div><\/div><\/div>\n<div class=\" pt-cv-content-item pt-cv-2-col\" ><h4 class=\"pt-cv-title\"><a href=\"https:\/\/www.astrowow.com\/blog\/sv\/3-drottningar\/\" class=\"_self\" target=\"_self\" >3 Drottningar<\/a><\/h4>\n<div class=\"pt-cv-content\">En astrologisk j\u00e4mf\u00f6relse av tre brittiska drottningar \u2013 Elisabet I, Drottning Victoria och Elisabet II \u2013 och de planetariska m\u00f6nster som formade deras l\u00e5nga och historiskt betydelsefulla regeringstider ...<br \/><div class=\"pt-cv-rmwrap\"><a href=\"https:\/\/www.astrowow.com\/blog\/sv\/3-drottningar\/\" class=\"_self pt-cv-readmore btn btn-success\" target=\"_self\">Read More<\/a><\/div><\/div><\/div><\/div><\/div>\n<div class=\" pt-cv-pagination-wrapper\"><ul class=\"pt-cv-pagination pt-cv-ajax pagination\" data-totalpages=\"55\" data-currentpage=\"1\" data-sid=\"bfb49195nv\" data-unid=\"\" data-isblock=\"\" data-postid=\"\"><li class=\"active\"><a href=\"#\">1<\/a><\/li>\n\t<li ><a class=\"\" href=\"https:\/\/www.astrowow.com\/blog\/wp-json\/wp\/v2\/pages\/3486\/?_page=2\">2<\/a><\/li>\n\t<li ><a class=\"\" href=\"https:\/\/www.astrowow.com\/blog\/wp-json\/wp\/v2\/pages\/3486\/?_page=3\">3<\/a><\/li>\n\t<li ><a href=\"#\">&hellip;<\/a><\/li>\n\t<li ><a class=\"\" href=\"https:\/\/www.astrowow.com\/blog\/wp-json\/wp\/v2\/pages\/3486\/?_page=55\">55<\/a><\/li>\n\t<li ><a class=\" \" href=\"https:\/\/www.astrowow.com\/blog\/wp-json\/wp\/v2\/pages\/3486\/?_page=2\">&rsaquo;<\/a><\/li>\n\t<\/ul><img loading=\"lazy\" decoding=\"async\" width=\"15\" height=\"15\" class=\"pt-cv-spinner\" alt=\"Loading...\" src=\"data:image\/gif;base64,R0lGODlhDwAPALMPAMrKygwMDJOTkz09PZWVla+vr3p6euTk5M7OzuXl5TMzMwAAAJmZmWZmZszMzP\/\/\/yH\/C05FVFNDQVBFMi4wAwEAAAAh+QQFCgAPACwAAAAADwAPAAAEQvDJaZaZOIcV8iQK8VRX4iTYoAwZ4iCYoAjZ4RxejhVNoT+mRGP4cyF4Pp0N98sBGIBMEMOotl6YZ3S61Bmbkm4mAgAh+QQFCgAPACwAAAAADQANAAAENPDJSRSZeA418itN8QiK8BiLITVsFiyBBIoYqnoewAD4xPw9iY4XLGYSjkQR4UAUD45DLwIAIfkEBQoADwAsAAAAAA8ACQAABC\/wyVlamTi3nSdgwFNdhEJgTJoNyoB9ISYoQmdjiZPcj7EYCAeCF1gEDo4Dz2eIAAAh+QQFCgAPACwCAAAADQANAAAEM\/DJBxiYeLKdX3IJZT1FU0iIg2RNKx3OkZVnZ98ToRD4MyiDnkAh6BkNC0MvsAj0kMpHBAAh+QQFCgAPACwGAAAACQAPAAAEMDC59KpFDll73HkAA2wVY5KgiK5b0RRoI6MuzG6EQqCDMlSGheEhUAgqgUUAFRySIgAh+QQFCgAPACwCAAIADQANAAAEM\/DJKZNLND\/kkKaHc3xk+QAMYDKsiaqmZCxGVjSFFCxB1vwy2oOgIDxuucxAMTAJFAJNBAAh+QQFCgAPACwAAAYADwAJAAAEMNAs86q1yaWwwv2Ig0jUZx3OYa4XoRAfwADXoAwfo1+CIjyFRuEho60aSNYlOPxEAAAh+QQFCgAPACwAAAIADQANAAAENPA9s4y8+IUVcqaWJ4qEQozSoAzoIyhCK2NFU2SJk0hNnyEOhKR2AzAAj4Pj4GE4W0bkJQIAOw==\" \/><div class=\"clear pt-cv-clear-pagination\"><\/div><\/div><\/div>\t\t\t<style type=\"text\/css\" id=\"pt-cv-inline-style-1af03241uw\">\n#pt-cv-view-bfb49195nv .pt-cv-thumb-wrapper:not(.miniwrap) { width: 40%; }#pt-cv-view-bfb49195nv .pt-cv-thumbnail:not(.pt-cv-thumbnailsm) { height: 300px; }#pt-cv-view-bfb49195nv > .pt-cv-page {grid-template-columns: repeat(1, 1fr);grid-gap: 15px;}\n@media all and (max-width: 1024px) { \n#pt-cv-view-bfb49195nv > .pt-cv-page {grid-template-columns: repeat(1, 1fr);}\n} \n@media all and (max-width: 767px) { \n#pt-cv-view-bfb49195nv > .pt-cv-page {grid-template-columns: repeat(1, 1fr);}\n} <\/style>\r\n\t\t\t\n","protected":false},"excerpt":{"rendered":"","protected":false},"author":7,"featured_media":0,"parent":0,"menu_order":0,"comment_status":"closed","ping_status":"closed","template":"","meta":{"_et_pb_use_builder":"","_et_pb_old_content":"","_et_gb_content_width":"","footnotes":""},"class_list":["post-3486","page","type-page","status-publish","hentry"],"_links":{"self":[{"href":"https:\/\/www.astrowow.com\/blog\/wp-json\/wp\/v2\/pages\/3486","targetHints":{"allow":["GET"]}}],"collection":[{"href":"https:\/\/www.astrowow.com\/blog\/wp-json\/wp\/v2\/pages"}],"about":[{"href":"https:\/\/www.astrowow.com\/blog\/wp-json\/wp\/v2\/types\/page"}],"author":[{"embeddable":true,"href":"https:\/\/www.astrowow.com\/blog\/wp-json\/wp\/v2\/users\/7"}],"replies":[{"embeddable":true,"href":"https:\/\/www.astrowow.com\/blog\/wp-json\/wp\/v2\/comments?post=3486"}],"version-history":[{"count":3,"href":"https:\/\/www.astrowow.com\/blog\/wp-json\/wp\/v2\/pages\/3486\/revisions"}],"predecessor-version":[{"id":3490,"href":"https:\/\/www.astrowow.com\/blog\/wp-json\/wp\/v2\/pages\/3486\/revisions\/3490"}],"wp:attachment":[{"href":"https:\/\/www.astrowow.com\/blog\/wp-json\/wp\/v2\/media?parent=3486"}],"curies":[{"name":"wp","href":"https:\/\/api.w.org\/{rel}","templated":true}]}}